{"id":385,"date":"2020-09-13T21:31:49","date_gmt":"2020-09-13T21:31:49","guid":{"rendered":"https:\/\/dancepromotions.nl\/?page_id=385"},"modified":"2025-11-20T08:57:47","modified_gmt":"2025-11-20T08:57:47","slug":"merchandise","status":"publish","type":"page","link":"https:\/\/dancepromotions.nl\/index.php\/merchandise\/","title":{"rendered":"Merchandise"},"content":{"rendered":"\n<style type=\"text\/css\" data-created_by=\"avia_inline_auto\" id=\"style-css-av-kf2uotsq-d041e2e73ef9f3c0b9ebe72660f4afcf\">\n.avia-section.av-kf2uotsq-d041e2e73ef9f3c0b9ebe72660f4afcf{\nbackground-color:#cccccc;\nbackground:linear-gradient( to bottom right, #cccccc, #1e8282 );\n}\n<\/style>\n<div id='av_section_1'  class='avia-section av-kf2uotsq-d041e2e73ef9f3c0b9ebe72660f4afcf main_color avia-section-default avia-no-border-styling  avia-builder-el-0  el_before_av_two_third  avia-builder-el-first  avia-bg-style-scroll container_wrap sidebar_right'  ><div class='container av-section-cont-open' ><main  role=\"main\" itemprop=\"mainContentOfPage\"  class='template-page content  av-content-small alpha units'><div class='post-entry post-entry-type-page post-entry-385'><div class='entry-content-wrapper clearfix'>\n\n<style type=\"text\/css\" data-created_by=\"avia_inline_auto\" id=\"style-css-av-8795l-719183266d6d0b5dcd9d27d97ca7f038\">\n#top .av-special-heading.av-8795l-719183266d6d0b5dcd9d27d97ca7f038{\npadding-bottom:40px;\n}\nbody .av-special-heading.av-8795l-719183266d6d0b5dcd9d27d97ca7f038 .av-special-heading-tag .heading-char{\nfont-size:25px;\n}\n.av-special-heading.av-8795l-719183266d6d0b5dcd9d27d97ca7f038 .av-subheading{\nfont-size:15px;\n}\n<\/style>\n<div  class='av-special-heading av-8795l-719183266d6d0b5dcd9d27d97ca7f038 av-special-heading-h2  avia-builder-el-1  avia-builder-el-no-sibling '><h2 class='av-special-heading-tag'  itemprop=\"headline\"  >Merchandise<\/h2><div class=\"special-heading-border\"><div class=\"special-heading-inner-border\"><\/div><\/div><\/div>\n<\/div><\/div><\/main><!-- close content main element --><\/div><\/div><div id='after_section_1'  class='main_color av_default_container_wrap container_wrap sidebar_right'  ><div class='container av-section-cont-open' ><div class='template-page content  av-content-small alpha units'><div class='post-entry post-entry-type-page post-entry-385'><div class='entry-content-wrapper clearfix'>\n\n<style type=\"text\/css\" data-created_by=\"avia_inline_auto\" id=\"style-css-av-avnu1-c491c3d55feaa4cc8cedf1dc5ac14d02\">\n.flex_column.av-avnu1-c491c3d55feaa4cc8cedf1dc5ac14d02{\nborder-radius:0px 0px 0px 0px;\npadding:0px 0px 0px 0px;\n}\n<\/style>\n<div  class='flex_column av-avnu1-c491c3d55feaa4cc8cedf1dc5ac14d02 av_two_third  avia-builder-el-2  el_after_av_section  el_before_av_one_third  avia-builder-el-first  first flex_column_div av-zero-column-padding  '     ><style type=\"text\/css\" data-created_by=\"avia_inline_auto\" id=\"style-css-av-kf2bgnvg-6843f9b51040aaab6373f6c678f735d3\">\n#top .av_textblock_section.av-kf2bgnvg-6843f9b51040aaab6373f6c678f735d3 .avia_textblock{\ncolor:#000000;\n}\n<\/style>\n<section  class='av_textblock_section av-kf2bgnvg-6843f9b51040aaab6373f6c678f735d3 '   itemscope=\"itemscope\" itemtype=\"https:\/\/schema.org\/CreativeWork\" ><div class='avia_textblock av_inherit_color'  itemprop=\"text\" ><p style=\"text-align: center;\" data-start=\"53\" data-end=\"268\"><strong>Ben jij klaar om jouw gloednieuwe kledinglijn te lanceren voor je dansschool? Dit is je kans!<\/strong><br data-start=\"147\" data-end=\"150\" \/>Wacht niet langer, want nu is het perfecte moment om jouw collectie vol trots aan al je leerlingen te presenteren!<br \/>\nDuik in onze folder voor alle toffe mogelijkheden of neem meteen vrijblijvend contact met ons op\u2014wij denken graag met je mee!<\/p>\n<p style=\"text-align: center;\" data-start=\"384\" data-end=\"561\"><strong data-start=\"384\" data-end=\"413\">Waarom bij ons bestellen?<\/strong><br data-start=\"413\" data-end=\"416\" \/>Superveel items speciaal ontworpen voor dansers, bestellen per stuk of per maat (dus g\u00e9\u00e9n minimale afname!), geweldige prijzen \u00e9n topkwaliteit.Wij kunnen niet wachten om samen met jou iets bijzonders neer te zetten!<\/p>\n<\/div><\/section><br \/>\n<div  class='avia-button-wrap av-kf2bsy2r-d9c1e7700f62cbc795c1cd08b7bf9bb3-wrap avia-button-center  avia-builder-el-4  el_after_av_textblock  el_before_av_hr '><a href='https:\/\/dancepromotions.nl\/wp-content\/uploads\/2025\/11\/Merchandise-Folder-2025.pdf'  class='avia-button av-kf2bsy2r-d9c1e7700f62cbc795c1cd08b7bf9bb3 avia-icon_select-no avia-size-large avia-position-center avia-color-theme-color'  target=\"_blank\"  rel=\"noopener noreferrer\" ><span class='avia_iconbox_title' >BEKIJK ONZE MERCHANDIS FOLDER 2025-2026<\/span><\/a><\/div><br \/>\n\n<style type=\"text\/css\" data-created_by=\"avia_inline_auto\" id=\"style-css-av-ar5sp-3daa764d713680b1023a6c6713fab082\">\n#top .hr.hr-invisible.av-ar5sp-3daa764d713680b1023a6c6713fab082{\nheight:25px;\n}\n<\/style>\n<div  class='hr av-ar5sp-3daa764d713680b1023a6c6713fab082 hr-invisible  avia-builder-el-5  el_after_av_button  el_before_av_hr '><span class='hr-inner '><span class=\"hr-inner-style\"><\/span><\/span><\/div><br \/>\n\n<style type=\"text\/css\" data-created_by=\"avia_inline_auto\" id=\"style-css-av-9wxu1-dbb7a8afbfb3ba0021dce788e5493b50\">\n#top .hr.hr-invisible.av-9wxu1-dbb7a8afbfb3ba0021dce788e5493b50{\nheight:5px;\n}\n<\/style>\n<div  class='hr av-9wxu1-dbb7a8afbfb3ba0021dce788e5493b50 hr-invisible  avia-builder-el-6  el_after_av_hr  el_before_av_hr '><span class='hr-inner '><span class=\"hr-inner-style\"><\/span><\/span><\/div><br \/>\n\n<style type=\"text\/css\" data-created_by=\"avia_inline_auto\" id=\"style-css-av-743fl-b5148704c7d36d0afc02049593178724\">\n#top .hr.hr-invisible.av-743fl-b5148704c7d36d0afc02049593178724{\nheight:50px;\n}\n<\/style>\n<div  class='hr av-743fl-b5148704c7d36d0afc02049593178724 hr-invisible  avia-builder-el-7  el_after_av_hr  el_before_av_textblock '><span class='hr-inner '><span class=\"hr-inner-style\"><\/span><\/span><\/div><br \/>\n<section  class='av_textblock_section av-llc8ja13-4327e4cf99fa89c67c078031089be8b7 '   itemscope=\"itemscope\" itemtype=\"https:\/\/schema.org\/CreativeWork\" ><div class='avia_textblock'  itemprop=\"text\" ><p style=\"text-align: center;\"><strong>Je kunt ons bereiken via: <a href=\"http:\/\/+31 (0) 620 957 180\">+31 (0) 620 957 180<\/a><\/strong><br \/>\n<strong> of stuur een email naar: <a href=\"mailto:info@dancepromotions.nl\">info@dancepromotions.nl<\/a><\/strong><\/p>\n<\/div><\/section><\/p><\/div>\n<style type=\"text\/css\" data-created_by=\"avia_inline_auto\" id=\"style-css-av-w2m9-9a380e6eacc6b2d353fb06aea3cfe008\">\n.flex_column.av-w2m9-9a380e6eacc6b2d353fb06aea3cfe008{\nborder-radius:0px 0px 0px 0px;\npadding:0px 0px 0px 0px;\n}\n<\/style>\n<div  class='flex_column av-w2m9-9a380e6eacc6b2d353fb06aea3cfe008 av_one_third  avia-builder-el-9  el_after_av_two_third  el_before_av_horizontal_gallery  avia-builder-el-last  flex_column_div av-zero-column-padding  '     ><p>\n<style type=\"text\/css\" data-created_by=\"avia_inline_auto\" id=\"style-css-av-kf2cs790-2e5012c9e318f5379c6e6f90d4ca35b7\">\n.avia-image-container.av-kf2cs790-2e5012c9e318f5379c6e6f90d4ca35b7 img.avia_image{\nbox-shadow:none;\n}\n.avia-image-container.av-kf2cs790-2e5012c9e318f5379c6e6f90d4ca35b7 .av-image-caption-overlay-center{\ncolor:#ffffff;\n}\n<\/style>\n<div  class='avia-image-container av-kf2cs790-2e5012c9e318f5379c6e6f90d4ca35b7 av-styling-no-styling avia_animated_image av-animated-when-visible-95 pop-up avia-align-center  avia-builder-el-10  el_before_av_hr  avia-builder-el-first '   itemprop=\"image\" itemscope=\"itemscope\" itemtype=\"https:\/\/schema.org\/ImageObject\" ><div class=\"avia-image-container-inner\"><div class=\"avia-image-overlay-wrap\"><img decoding=\"async\" class='wp-image-900 avia-img-lazy-loading-not-900 avia_image ' src=\"https:\/\/dancepromotions.nl\/wp-content\/uploads\/2023\/08\/1.png\" alt='' title='1'  height=\"1080\" width=\"1080\"  itemprop=\"thumbnailUrl\" srcset=\"https:\/\/dancepromotions.nl\/wp-content\/uploads\/2023\/08\/1.png 1080w, https:\/\/dancepromotions.nl\/wp-content\/uploads\/2023\/08\/1-300x300.png 300w, https:\/\/dancepromotions.nl\/wp-content\/uploads\/2023\/08\/1-1030x1030.png 1030w, https:\/\/dancepromotions.nl\/wp-content\/uploads\/2023\/08\/1-80x80.png 80w, https:\/\/dancepromotions.nl\/wp-content\/uploads\/2023\/08\/1-768x768.png 768w, https:\/\/dancepromotions.nl\/wp-content\/uploads\/2023\/08\/1-36x36.png 36w, https:\/\/dancepromotions.nl\/wp-content\/uploads\/2023\/08\/1-180x180.png 180w, https:\/\/dancepromotions.nl\/wp-content\/uploads\/2023\/08\/1-705x705.png 705w\" sizes=\"(max-width: 1080px) 100vw, 1080px\" \/><\/div><\/div><\/div><br \/>\n\n<style type=\"text\/css\" data-created_by=\"avia_inline_auto\" id=\"style-css-av-llc8nr30-ab46c3e491c9ac2a2e87da158a8b4390\">\n#top .hr.hr-invisible.av-llc8nr30-ab46c3e491c9ac2a2e87da158a8b4390{\nheight:5px;\n}\n<\/style>\n<div  class='hr av-llc8nr30-ab46c3e491c9ac2a2e87da158a8b4390 hr-invisible  avia-builder-el-11  el_after_av_image  avia-builder-el-last '><span class='hr-inner '><span class=\"hr-inner-style\"><\/span><\/span><\/div><\/p><\/div><\/p>\n\n<style type=\"text\/css\" data-created_by=\"avia_inline_auto\" id=\"style-css-av-kf2cfkrq-05e9070c95ee287626bcc36c2ac2ea39\">\n.av-horizontal-gallery.av-kf2cfkrq-05e9070c95ee287626bcc36c2ac2ea39{\npadding:3% 0px;;\n}\n.av-horizontal-gallery.av-kf2cfkrq-05e9070c95ee287626bcc36c2ac2ea39 .av-horizontal-gallery-inner{\npadding-bottom:20%;\n}\n<\/style>\n<div  class='av-horizontal-gallery av-kf2cfkrq-05e9070c95ee287626bcc36c2ac2ea39 av-horizontal-gallery-large-gap av-horizontal-gallery-enlarge-effect  avia-builder-el-12  el_after_av_one_third  avia-builder-el-last  av-slideshow-ui av-control-minimal av-control-minimal-dark av-slideshow-manual av-loop-once av-loop-manual-endless av-horizontal-gallery-1' data-slideshow-data=\"{&quot;enlarge&quot;:1.3,&quot;animation&quot;:&quot;slide&quot;,&quot;autoplay&quot;:false,&quot;loop_autoplay&quot;:&quot;once&quot;,&quot;interval&quot;:5,&quot;loop_manual&quot;:&quot;manual-endless&quot;,&quot;autoplay_stopper&quot;:false,&quot;noNavigation&quot;:false,&quot;bg_slider&quot;:false,&quot;keep_padding&quot;:&quot;&quot;,&quot;hoverpause&quot;:false,&quot;show_slide_delay&quot;:0}\"  itemprop=\"image\" itemscope=\"itemscope\" itemtype=\"https:\/\/schema.org\/ImageObject\" ><div class='avia-slideshow-arrows avia-slideshow-controls' ><a href='#prev' class='prev-slide av-horizontal-gallery-prev' aria-hidden='true' data-av_icon='\ue87c' data-av_iconfont='entypo-fontello'  tabindex='-1'>Previous<\/a><a href='#next' class='next-slide av-horizontal-gallery-next' aria-hidden='true' data-av_icon='\ue87d' data-av_iconfont='entypo-fontello'  tabindex='-1'>Next<\/a><\/div><div class='avia-slideshow-dots avia-slideshow-controls av-horizontal-gallery-dots fade-in'><a href='#1' class='goto-slide active' >1<\/a><a href='#2' class='goto-slide ' >2<\/a><a href='#3' class='goto-slide ' >3<\/a><a href='#4' class='goto-slide ' >4<\/a><a href='#5' class='goto-slide ' >5<\/a><\/div><div class='av-horizontal-gallery-inner' data-av-height='20'><div class=\"av-horizontal-gallery-slider\"><div class=\"av-horizontal-gallery-wrap noHover\"><img loading=\"lazy\" decoding=\"async\" class='wp-image-540 avia-img-lazy-loading-540 av-horizontal-gallery-img' width=\"800\" height=\"800\" src=\"https:\/\/dancepromotions.nl\/wp-content\/uploads\/2020\/09\/JH50J-Burgundy-Kids-met-logo.jpg\" title='JH50J Burgundy Kids met logo' alt='' srcset=\"https:\/\/dancepromotions.nl\/wp-content\/uploads\/2020\/09\/JH50J-Burgundy-Kids-met-logo.jpg 800w, https:\/\/dancepromotions.nl\/wp-content\/uploads\/2020\/09\/JH50J-Burgundy-Kids-met-logo-300x300.jpg 300w, https:\/\/dancepromotions.nl\/wp-content\/uploads\/2020\/09\/JH50J-Burgundy-Kids-met-logo-80x80.jpg 80w, https:\/\/dancepromotions.nl\/wp-content\/uploads\/2020\/09\/JH50J-Burgundy-Kids-met-logo-768x768.jpg 768w, https:\/\/dancepromotions.nl\/wp-content\/uploads\/2020\/09\/JH50J-Burgundy-Kids-met-logo-36x36.jpg 36w, https:\/\/dancepromotions.nl\/wp-content\/uploads\/2020\/09\/JH50J-Burgundy-Kids-met-logo-180x180.jpg 180w, https:\/\/dancepromotions.nl\/wp-content\/uploads\/2020\/09\/JH50J-Burgundy-Kids-met-logo-705x705.jpg 705w\" sizes=\"auto, (max-width: 800px) 100vw, 800px\" \/><a href=\"https:\/\/dancepromotions.nl\/wp-content\/uploads\/2020\/09\/JH50J-Burgundy-Kids-met-logo.jpg\" data-srcset=\"https:\/\/dancepromotions.nl\/wp-content\/uploads\/2020\/09\/JH50J-Burgundy-Kids-met-logo.jpg 800w, https:\/\/dancepromotions.nl\/wp-content\/uploads\/2020\/09\/JH50J-Burgundy-Kids-met-logo-300x300.jpg 300w, https:\/\/dancepromotions.nl\/wp-content\/uploads\/2020\/09\/JH50J-Burgundy-Kids-met-logo-80x80.jpg 80w, https:\/\/dancepromotions.nl\/wp-content\/uploads\/2020\/09\/JH50J-Burgundy-Kids-met-logo-768x768.jpg 768w, https:\/\/dancepromotions.nl\/wp-content\/uploads\/2020\/09\/JH50J-Burgundy-Kids-met-logo-36x36.jpg 36w, https:\/\/dancepromotions.nl\/wp-content\/uploads\/2020\/09\/JH50J-Burgundy-Kids-met-logo-180x180.jpg 180w, https:\/\/dancepromotions.nl\/wp-content\/uploads\/2020\/09\/JH50J-Burgundy-Kids-met-logo-705x705.jpg 705w\" data-sizes=\"(max-width: 800px) 100vw, 800px\" class='av-horizontal-gallery-link' aria-hidden='true' data-av_icon='\ue869' data-av_iconfont='entypo-fontello' title='JH50J Burgundy Kids met logo' alt=''><\/a><\/div><div class=\"av-horizontal-gallery-wrap noHover\"><img loading=\"lazy\" decoding=\"async\" class='wp-image-507 avia-img-lazy-loading-507 av-horizontal-gallery-img' width=\"1030\" height=\"1030\" src=\"https:\/\/dancepromotions.nl\/wp-content\/uploads\/2020\/09\/TR031_Black_FT-met-logo-1030x1030.jpg\" title='TR031_Black_FT met logo' alt='' srcset=\"https:\/\/dancepromotions.nl\/wp-content\/uploads\/2020\/09\/TR031_Black_FT-met-logo-1030x1030.jpg 1030w, https:\/\/dancepromotions.nl\/wp-content\/uploads\/2020\/09\/TR031_Black_FT-met-logo-300x300.jpg 300w, https:\/\/dancepromotions.nl\/wp-content\/uploads\/2020\/09\/TR031_Black_FT-met-logo-80x80.jpg 80w, https:\/\/dancepromotions.nl\/wp-content\/uploads\/2020\/09\/TR031_Black_FT-met-logo-768x768.jpg 768w, https:\/\/dancepromotions.nl\/wp-content\/uploads\/2020\/09\/TR031_Black_FT-met-logo-1536x1536.jpg 1536w, https:\/\/dancepromotions.nl\/wp-content\/uploads\/2020\/09\/TR031_Black_FT-met-logo-2048x2048.jpg 2048w, https:\/\/dancepromotions.nl\/wp-content\/uploads\/2020\/09\/TR031_Black_FT-met-logo-36x36.jpg 36w, https:\/\/dancepromotions.nl\/wp-content\/uploads\/2020\/09\/TR031_Black_FT-met-logo-180x180.jpg 180w, https:\/\/dancepromotions.nl\/wp-content\/uploads\/2020\/09\/TR031_Black_FT-met-logo-1500x1500.jpg 1500w, https:\/\/dancepromotions.nl\/wp-content\/uploads\/2020\/09\/TR031_Black_FT-met-logo-705x705.jpg 705w\" sizes=\"auto, (max-width: 1030px) 100vw, 1030px\" \/><a href=\"https:\/\/dancepromotions.nl\/wp-content\/uploads\/2020\/09\/TR031_Black_FT-met-logo-1030x1030.jpg\" data-srcset=\"https:\/\/dancepromotions.nl\/wp-content\/uploads\/2020\/09\/TR031_Black_FT-met-logo-1030x1030.jpg 1030w, https:\/\/dancepromotions.nl\/wp-content\/uploads\/2020\/09\/TR031_Black_FT-met-logo-300x300.jpg 300w, https:\/\/dancepromotions.nl\/wp-content\/uploads\/2020\/09\/TR031_Black_FT-met-logo-80x80.jpg 80w, https:\/\/dancepromotions.nl\/wp-content\/uploads\/2020\/09\/TR031_Black_FT-met-logo-768x768.jpg 768w, https:\/\/dancepromotions.nl\/wp-content\/uploads\/2020\/09\/TR031_Black_FT-met-logo-1536x1536.jpg 1536w, https:\/\/dancepromotions.nl\/wp-content\/uploads\/2020\/09\/TR031_Black_FT-met-logo-2048x2048.jpg 2048w, https:\/\/dancepromotions.nl\/wp-content\/uploads\/2020\/09\/TR031_Black_FT-met-logo-36x36.jpg 36w, https:\/\/dancepromotions.nl\/wp-content\/uploads\/2020\/09\/TR031_Black_FT-met-logo-180x180.jpg 180w, https:\/\/dancepromotions.nl\/wp-content\/uploads\/2020\/09\/TR031_Black_FT-met-logo-1500x1500.jpg 1500w, https:\/\/dancepromotions.nl\/wp-content\/uploads\/2020\/09\/TR031_Black_FT-met-logo-705x705.jpg 705w\" data-sizes=\"(max-width: 1030px) 100vw, 1030px\" class='av-horizontal-gallery-link' aria-hidden='true' data-av_icon='\ue869' data-av_iconfont='entypo-fontello' title='TR031_Black_FT met logo' alt=''><\/a><\/div><div class=\"av-horizontal-gallery-wrap noHover\"><img loading=\"lazy\" decoding=\"async\" class='wp-image-511 avia-img-lazy-loading-511 av-horizontal-gallery-img' width=\"675\" height=\"675\" src=\"https:\/\/dancepromotions.nl\/wp-content\/uploads\/2020\/09\/hoodie.jpg\" title='hoodie' alt='' srcset=\"https:\/\/dancepromotions.nl\/wp-content\/uploads\/2020\/09\/hoodie.jpg 675w, https:\/\/dancepromotions.nl\/wp-content\/uploads\/2020\/09\/hoodie-300x300.jpg 300w, https:\/\/dancepromotions.nl\/wp-content\/uploads\/2020\/09\/hoodie-80x80.jpg 80w, https:\/\/dancepromotions.nl\/wp-content\/uploads\/2020\/09\/hoodie-36x36.jpg 36w, https:\/\/dancepromotions.nl\/wp-content\/uploads\/2020\/09\/hoodie-180x180.jpg 180w\" sizes=\"auto, (max-width: 675px) 100vw, 675px\" \/><a href=\"https:\/\/dancepromotions.nl\/wp-content\/uploads\/2020\/09\/hoodie.jpg\" data-srcset=\"https:\/\/dancepromotions.nl\/wp-content\/uploads\/2020\/09\/hoodie.jpg 675w, https:\/\/dancepromotions.nl\/wp-content\/uploads\/2020\/09\/hoodie-300x300.jpg 300w, https:\/\/dancepromotions.nl\/wp-content\/uploads\/2020\/09\/hoodie-80x80.jpg 80w, https:\/\/dancepromotions.nl\/wp-content\/uploads\/2020\/09\/hoodie-36x36.jpg 36w, https:\/\/dancepromotions.nl\/wp-content\/uploads\/2020\/09\/hoodie-180x180.jpg 180w\" data-sizes=\"(max-width: 675px) 100vw, 675px\" class='av-horizontal-gallery-link' aria-hidden='true' data-av_icon='\ue869' data-av_iconfont='entypo-fontello' title='hoodie' alt=''><\/a><\/div><div class=\"av-horizontal-gallery-wrap noHover\"><img loading=\"lazy\" decoding=\"async\" class='wp-image-512 avia-img-lazy-loading-512 av-horizontal-gallery-img' width=\"400\" height=\"400\" src=\"https:\/\/dancepromotions.nl\/wp-content\/uploads\/2020\/09\/sweatpants.jpeg\" title='sweatpants' alt='' srcset=\"https:\/\/dancepromotions.nl\/wp-content\/uploads\/2020\/09\/sweatpants.jpeg 400w, https:\/\/dancepromotions.nl\/wp-content\/uploads\/2020\/09\/sweatpants-300x300.jpeg 300w, https:\/\/dancepromotions.nl\/wp-content\/uploads\/2020\/09\/sweatpants-80x80.jpeg 80w, https:\/\/dancepromotions.nl\/wp-content\/uploads\/2020\/09\/sweatpants-36x36.jpeg 36w, https:\/\/dancepromotions.nl\/wp-content\/uploads\/2020\/09\/sweatpants-180x180.jpeg 180w\" sizes=\"auto, (max-width: 400px) 100vw, 400px\" \/><a href=\"https:\/\/dancepromotions.nl\/wp-content\/uploads\/2020\/09\/sweatpants.jpeg\" data-srcset=\"https:\/\/dancepromotions.nl\/wp-content\/uploads\/2020\/09\/sweatpants.jpeg 400w, https:\/\/dancepromotions.nl\/wp-content\/uploads\/2020\/09\/sweatpants-300x300.jpeg 300w, https:\/\/dancepromotions.nl\/wp-content\/uploads\/2020\/09\/sweatpants-80x80.jpeg 80w, https:\/\/dancepromotions.nl\/wp-content\/uploads\/2020\/09\/sweatpants-36x36.jpeg 36w, https:\/\/dancepromotions.nl\/wp-content\/uploads\/2020\/09\/sweatpants-180x180.jpeg 180w\" data-sizes=\"(max-width: 400px) 100vw, 400px\" class='av-horizontal-gallery-link' aria-hidden='true' data-av_icon='\ue869' data-av_iconfont='entypo-fontello' title='sweatpants' alt=''><\/a><\/div><div class=\"av-horizontal-gallery-wrap noHover\"><img loading=\"lazy\" decoding=\"async\" class='wp-image-538 avia-img-lazy-loading-538 av-horizontal-gallery-img' width=\"800\" height=\"800\" src=\"https:\/\/dancepromotions.nl\/wp-content\/uploads\/2020\/09\/JC017_LS01_2020-met-logo.jpg\" title='JC017_LS01_2020 met logo' alt='' srcset=\"https:\/\/dancepromotions.nl\/wp-content\/uploads\/2020\/09\/JC017_LS01_2020-met-logo.jpg 800w, https:\/\/dancepromotions.nl\/wp-content\/uploads\/2020\/09\/JC017_LS01_2020-met-logo-300x300.jpg 300w, https:\/\/dancepromotions.nl\/wp-content\/uploads\/2020\/09\/JC017_LS01_2020-met-logo-80x80.jpg 80w, https:\/\/dancepromotions.nl\/wp-content\/uploads\/2020\/09\/JC017_LS01_2020-met-logo-768x768.jpg 768w, https:\/\/dancepromotions.nl\/wp-content\/uploads\/2020\/09\/JC017_LS01_2020-met-logo-36x36.jpg 36w, https:\/\/dancepromotions.nl\/wp-content\/uploads\/2020\/09\/JC017_LS01_2020-met-logo-180x180.jpg 180w, https:\/\/dancepromotions.nl\/wp-content\/uploads\/2020\/09\/JC017_LS01_2020-met-logo-705x705.jpg 705w\" sizes=\"auto, (max-width: 800px) 100vw, 800px\" \/><a href=\"https:\/\/dancepromotions.nl\/wp-content\/uploads\/2020\/09\/JC017_LS01_2020-met-logo.jpg\" data-srcset=\"https:\/\/dancepromotions.nl\/wp-content\/uploads\/2020\/09\/JC017_LS01_2020-met-logo.jpg 800w, https:\/\/dancepromotions.nl\/wp-content\/uploads\/2020\/09\/JC017_LS01_2020-met-logo-300x300.jpg 300w, https:\/\/dancepromotions.nl\/wp-content\/uploads\/2020\/09\/JC017_LS01_2020-met-logo-80x80.jpg 80w, https:\/\/dancepromotions.nl\/wp-content\/uploads\/2020\/09\/JC017_LS01_2020-met-logo-768x768.jpg 768w, https:\/\/dancepromotions.nl\/wp-content\/uploads\/2020\/09\/JC017_LS01_2020-met-logo-36x36.jpg 36w, https:\/\/dancepromotions.nl\/wp-content\/uploads\/2020\/09\/JC017_LS01_2020-met-logo-180x180.jpg 180w, https:\/\/dancepromotions.nl\/wp-content\/uploads\/2020\/09\/JC017_LS01_2020-met-logo-705x705.jpg 705w\" data-sizes=\"(max-width: 800px) 100vw, 800px\" class='av-horizontal-gallery-link' aria-hidden='true' data-av_icon='\ue869' data-av_iconfont='entypo-fontello' title='JC017_LS01_2020 met logo' alt=''><\/a><\/div><\/div><\/div><\/div>\n","protected":false},"excerpt":{"rendered":"","protected":false},"author":1,"featured_media":0,"parent":0,"menu_order":0,"comment_status":"closed","ping_status":"closed","template":"","meta":{"footnotes":""},"class_list":["post-385","page","type-page","status-publish","hentry"],"_links":{"self":[{"href":"https:\/\/dancepromotions.nl\/index.php\/wp-json\/wp\/v2\/pages\/385","targetHints":{"allow":["GET"]}}],"collection":[{"href":"https:\/\/dancepromotions.nl\/index.php\/wp-json\/wp\/v2\/pages"}],"about":[{"href":"https:\/\/dancepromotions.nl\/index.php\/wp-json\/wp\/v2\/types\/page"}],"author":[{"embeddable":true,"href":"https:\/\/dancepromotions.nl\/index.php\/wp-json\/wp\/v2\/users\/1"}],"replies":[{"embeddable":true,"href":"https:\/\/dancepromotions.nl\/index.php\/wp-json\/wp\/v2\/comments?post=385"}],"version-history":[{"count":98,"href":"https:\/\/dancepromotions.nl\/index.php\/wp-json\/wp\/v2\/pages\/385\/revisions"}],"predecessor-version":[{"id":1088,"href":"https:\/\/dancepromotions.nl\/index.php\/wp-json\/wp\/v2\/pages\/385\/revisions\/1088"}],"wp:attachment":[{"href":"https:\/\/dancepromotions.nl\/index.php\/wp-json\/wp\/v2\/media?parent=385"}],"curies":[{"name":"wp","href":"https:\/\/api.w.org\/{rel}","templated":true}]}}